actors of 54423.
3, 6047
List the prime factors of 11532.
2, 3, 31
List the prime factors of 74724.
2, 3, 13, 479
What are the prime factors of 2980?
2, 5, 149
List the prime factors of 638.
2, 11, 29
List the prime factors of 5614.
2, 7, 401
What are the prime factors of 47600?
2, 5, 7, 17
What are the prime factors of 1001?
7, 11, 13
What are the prime factors of 482?
2, 241
List the prime factors of 36125.
5, 17
List the prime factors of 3594.
2, 3, 599
List the prime factors of 11450.
2, 5, 229
What are the prime factors of 79580?
2, 5, 23, 173
What are the prime factors of 793?
13, 61
List the prime factors of 22614.
2, 3, 3769
What are the prime factors of 20558?
2, 19, 541
What are the prime factors of 6385?
5, 1277
What are the prime factors of 4738?
2, 23, 103
What are the prime factors of 174?
2, 3, 29
What are the prime factors of 59375?
5, 19
What are the prime factors of 1272?
2, 3, 53
What are the prime factors of 40698?
2, 3, 7, 17, 19
What are the prime factors of 15700?
2, 5, 157
What are the prime factors of 5838?
2, 3, 7, 139
What are the prime factors of 57216?
2, 3, 149
What are the prime factors of 6217?
6217
List the prime factors of 86507.
19, 29, 157
List the prime factors of 29293.
11, 2663
What are the prime factors of 452?
2, 113
List the prime factors of 64846.
2, 32423
What are the prime factors of 1622?
2, 811
List the prime factors of 1329.
3, 443
List the prime factors of 3359.
3359
What are the prime factors of 1924?
2, 13, 37
What are the prime factors of 3092?
2, 773
List the prime factors of 18913.
18913
What are the prime factors of 533?
13, 41
What are the prime factors of 1520?
2, 5, 19
List the prime factors of 2610.
2, 3, 5, 29
What are the prime factors of 622?
2, 311
What are the prime factors of 53295?
3, 5, 11, 17, 19
What are the prime factors of 2224?
2, 139
List the prime factors of 1388.
2, 347
List the prime factors of 27722.
2, 83, 167
List the prime factors of 1366.
2, 683
What are the prime factors of 41082?
2, 3, 41, 167
List the prime factors of 3082.
2, 23, 67
List the prime factors of 128.
2
List the prime factors of 931.
7, 19
List the prime factors of 23177.
7, 11, 43
What are the prime factors of 1753?
1753
List the prime factors of 26462.
2, 101, 131
List the prime factors of 241.
241
List the prime factors of 24984.
2, 3, 347
What are the prime factors of 19072?
2, 149
What are the prime factors of 1179?
3, 131
What are the prime factors of 13129?
19, 691
List the prime factors of 935.
5, 11, 17
List the prime factors of 43860.
2, 3, 5, 17, 43
What are the prime factors of 11134?
2, 19, 293
List the prime factors of 3370.
2, 5, 337
List the prime factors of 2281.
2281
List the prime factors of 10117.
67, 151
List the prime factors of 6973.
19, 367
What are the prime factors of 83842?
2, 11, 37, 103
List the prime factors of 71184.
2, 3, 1483
What are the prime factors of 17131?
37, 463
List the prime factors of 34800.
2, 3, 5, 29
What are the prime factors of 68?
2, 17
List the prime factors of 160164.
2, 3, 1483
What are the prime factors of 12969?
3, 11, 131
What are the prime factors of 4428?
2, 3, 41
What are the prime factors of 10304?
2, 7, 23
What are the prime factors of 24296?
2, 3037
List the prime factors of 3841.
23, 167
List the prime factors of 5005.
5, 7, 11, 13
List the prime factors of 751.
751
List the prime factors of 75953.
151, 503
List the prime factors of 874.
2, 19, 23
List the prime factors of 6005.
5, 1201
List the prime factors of 2457.
3, 7, 13
What are the prime factors of 2586?
2, 3, 431
List the prime factors of 2987.
29, 103
What are the prime factors of 616?
2, 7, 11
List the prime factors of 108658.
2, 11, 449
List the prime factors of 45211.
29, 1559
List the prime factors of 23407.
89, 263
What are the prime factors of 15359?
15359
What are the prime factors of 22534?
2, 19, 593
What are the prime factors of 2057?
11, 17
List the prime factors of 60198.
2, 3, 79, 127
List the prime factors of 3000.
2, 3, 5
What are the prime factors of 18249?
3, 7, 11, 79
What are the prime factors of 575?
5, 23
List the prime factors of 8611.
79, 109
List the prime factors of 1245.
3, 5, 83
What are the prime factors of 1680?
2, 3, 5, 7
What are the prime factors of 1828?
2, 457
What are the prime factors of 8905?
5, 13, 137
What are the prime factors of 13695?
3, 5, 11, 83
What are the prime factors of 63601?
63601
What are the prime factors of 18098?
2, 9049
List the prime factors of 414.
2, 3, 23
List the prime factors of 2420.
2, 5, 11
List the prime factors of 3588.
2, 3, 13, 23
List the prime factors of 46214.
2, 7, 3301
List the prime factors of 962.
2, 13, 37
List the prime factors of 1121.
19, 59
List the prime factors of 31413.
3, 37, 283
List the prime factors of 9504.
2, 3, 11
List the prime factors of 142217.
142217
List the prime factors of 7352.
2, 919
List the prime factors of 182.
2, 7, 13
What are the prime factors of 20442?
2, 3, 3407
What are the prime factors of 4082?
2, 13, 157
List the prime factors of 2126.
2, 1063
What are the prime factors of 31027?
19, 23, 71
What are the prime factors of 594?
2, 3, 11
What are the prime factors of 13?
13
List the prime factors of 4024.
2, 503
What are the prime factors of 3286?
2, 31, 53
What are the prime factors of 34677?
3, 3853
What are the prime factors of 5483?
5483
What are the prime factors of 176949?
3, 19661
List the prime factors of 62488.
2, 73, 107
What are the prime factors of 5889?
3, 13, 151
What are the prime factors of 19101?
3, 6367
What are the prime factors of 25545?
3, 5, 13, 131
List the prime factors of 3023.
3023
What are the prime factors of 8607?
3, 19, 151
List the prime factors of 1021.
1021
What are the prime factors of 9468?
2, 3, 263
List the prime factors of 14898.
2, 3, 13, 191
List the prime factors of 6601.
7, 23, 41
What are the prime factors of 16058?
2, 7, 31, 37
List the prime factors of 1633.
23, 71
What are the prime factors of 57082?
2, 28541
What are the prime factors of 7191?
3, 17, 47
What are the prime factors of 72574?
2, 131, 277
List the prime factors of 42.
2, 3, 7
What are the prime factors of 208?
2, 13
List the prime factors of 4712.
2, 19, 31
What are the prime factors of 16995?
3, 5, 11, 103
List the prime factors of 6262.
2, 31, 101
What are the prime factors of 2681?
7, 383
List the prime factors of 151727.
71, 2137
List the prime factors of 4903.
4903
What are the prime factors of 4859?
43, 113
List the prime factors of 2705.
5, 541
What are the prime factors of 1274?
2, 7, 13
List the prime factors of 648.
2, 3
What are the prime factors of 7176?
2, 3, 13, 23
List the prime factors of 20551.
20551
List the prime factors of 91.
7, 13
What are the prime factors of 3543?
3, 1181
What are the prime factors of 36139?
71, 509
List the prime factors of 11876.
2, 2969
What are the prime factors of 14370?
2, 3, 5, 479
List the prime factors of 3044.
2, 761
What are the prime factors of 1892?
2, 11, 43
What are the prime factors of 5275?
5, 211
List the prime factors of 1494.
2, 3, 83
What are the prime factors of 5016?
2, 3, 11, 19
What are the prime factors of 33598?
2, 107, 157
List the prime factors of 145448.
2, 18181
What are the prime factors of 106682?
2, 41, 1301
List the prime factors of 781.
11, 71
List the prime factors of 4389.
3, 7, 11, 19
What are the prime factors of 1602?
2, 3, 89
What are the prime factors of 4080?
2, 3, 5, 17
What are the prime factors of 1359?
3, 151
List the prime factors of 10945.
5, 11, 199
List the prime factors of 2583.
3, 7, 41
List the prime factors of 22195.
5, 23, 193
List the prime factors of 5509.
7, 787
What are the prime factors of 10809?
3, 1201
What are the prime factors of 1216?
2, 19
What are the prime factors of 1215?
3, 5
What are the prime factors of 8140?
2, 5, 11, 37
What are the prime factors of 2875?
5, 23
List the prime factors of 12357.
3, 1373
What are the prime factors of 41801?
41801
What are the prime factors of 59159?
59159
What are the prime factors of 25412?
2, 6353
List the prime factors of 5758.
2, 2879
List the prime factors of 174481.
174481
List the prime factors of 44747.
29, 1543
What are the prime factors of 10040?
2, 5, 251
What are the prime factors of 46061?
46061
Lis